6)/(-21). What is the greatest common factor of 21 and z?
21
Let n be (-1)/(-1 + 38/40). Let a = -1 + 3. Suppose 7*d + 12 = 3*d, 0 = -3*b + a*d + 18. What is the greatest common factor of n and b?
4
Let c(p) = -5*p - 9. Let q be c(-5). Let l = 24 - q. Calculate the highest common factor of 40 and l.
8
Let h = -2 + 3. Let k = -2 + h. Let d = k + 13. What is the highest common factor of 12 and d?
12
Let i(s) = -s**2 + 4*s + 1. Let u be i(2). Let n be u + (0 - (0 - 2)). What is the highest common factor of n and 21?
7
Let g be 2/(-1*(-3)/9). Suppose 11 = -2*m + 5*m - o, -m = -4*o. What is the greatest common divisor of g and m?
2
Let d(i) = 2*i + 50. Let t be d(-5). What is the highest common divisor of 30 and t?
10
Let o(q) = 9*q**2 + q - 1. Let k be o(1). What is the highest common divisor of k and 9?
9
Let m(w) = 2*w + 12. Let t be m(17). What is the highest common divisor of t and 23?
23
Let z(b) = -4*b**3 - 7*b**2 + 8*b + 12. Let q be z(-5). Calculate the highest common divisor of q and 27.
27
Let u(x) = 10*x**2 + 1. Suppose 5*l = -6 + 1. Let i be u(l). Suppose -5*v + 29 = -3*g - 579, 364 = 3*v - g. Calculate the highest common divisor of i and v.
11
Let b(l) = -1 + l**3 + 0*l - l**2 + 3*l + 4. Let f be b(4). Suppose 13 = -n + 4*j, -2*n + j = -0*n - 9. Calculate the highest common divisor of n and f.
7
Suppose d + 6*o - 3*o = 0, -o = -5*d. Let j be (-2 + 13)/(d - -1). What is the greatest common factor of j and 55?
11
Suppose 0 = 4*z - 5*j - 1056, -z - 3*z - 4*j + 1056 = 0. Suppose 0*w + z = 2*w. What is the greatest common factor of w and 12?
12
Suppose 4*n = 4*s + 570 + 218, 0 = 3*s + 3. Calculate the greatest common factor of n and 28.
28
Let q(r) = -6*r - 36. Let a be q(-11). What is the greatest common factor of 6 and a?
6
Suppose 6*u - 13 = 5. Calculate the highest common divisor of 1 and u.
1
Let m be ((-16)/12)/(2/(-39)). Let w = m - -14. Let o = -7 - -12. What is the greatest common factor of w and o?
5
Let x = 17 - 16. Calculate the highest common factor of x and 11.
1
Let a(y) = 9*y + 3. Let u be a(4). Suppose -j + u = 2*j. What is the highest common factor of 13 and j?
13
Let a(o) = 5*o**2 + 3*o + 1. Let j be a(-1). Calculate the greatest common factor of 30 and j.
3
Let j(s) = s - 2. Let g be j(5). Suppose -o = -1 - 2, t - 2*o + g = 0. Let d(r) = -r**2 + 12*r - 2. Let y be d(7). What is the highest common factor of t and y?
3
Let m be 15*(-4 - (-22)/5). What is the greatest common factor of m and 21?
3
Suppose j - 6 = -2*j. Calculate the highest common factor of j and 4.
2
Let z(i) = 13*i + 14*i - 3*i + 8 + 2*i. Let y be z(4). Calculate the highest common divisor of y and 16.
16
Let c be (-1 - -1)*(-1 + 2). Suppose -3*b - a + 3*a + 17 = c, -b = 5*a. What is the highest common divisor of b and 35?
5
Let u(z) = z**2 + 3. Let d be u(0). Suppose 3*q = 3 + d. Suppose 19 = o + 2*o + y, 0 = 4*o + 3*y - 27. What is the highest common factor of o and q?
2
Let f be 0/1 - (-3 + 40). Let n = f - -1. Let d = -17 - n. Calculate the highest common factor of 171 and d.
19
Let s(b) = -b**3 + 9*b**2 + 2*b - 8. Let y be s(8). Calculate the highest common divisor of y and 9.
9
Let n(o) = 9*o - 2. Let w be n(2). Suppose 0 = -5*b - 2*m + 30, m = 3*b - m - 2. Calculate the greatest common divisor of b and w.
4
Suppose -2*a - 2 = -8. Suppose 0 = a*s - 8 - 1. Let y be -48*(-1 - 2/(-4)). Calculate the highest common factor of y and s.
3
Let l = 17 - 8. What is the highest common factor of l and 27?
9
Suppose 5*f + 2*g - 237 = -0*g, -3*f = g - 143. Suppose 3*c + f = 6*c - 2*r, -5*r = 3*c - 35. Calculate the greatest common divisor of 15 and c.
15
Let t(h) = -14*h. Let n be t(-3). Suppose n = 3*i - i. Let y be ((-133)/(-35) - 5)/(4/(-70)). Calculate the greatest common divisor of y and i.
21
Let s(h) = 3*h**2 + 4*h + 4. Let d be s(4). Suppose 164 = 3*a + d. Suppose -a = -5*q + 73. Calculate the highest common factor of 14 and q.
7
Let d(p) = 0 - 2*p**2 + 4*p**2 - 26*p - 4 + 29*p. Suppose 3*c = a - 9, 2*a + 3 = -c + a. Let u be d(c). What is the greatest common factor of 1 and u?
1
Suppose 2*d = -12 + 46. Calculate the greatest common factor of 170 and d.
17
Let n = 24 - 15. Calculate the greatest common factor of n and 3.
3
Let f(b) = b**3 - 6*b**2 + 5*b + 3. Let c be f(4). Let z = -5 - c. Suppose 4*y - 36 = 28. What is the highest common factor of y and z?
4
Let f = 97 - 66. Calculate the highest common factor of 248 and f.
31
Let g(u) = -5 + 6 + u - 6*u + u. Let a be g(-4). Calculate the greatest common factor of a and 102.
17
Let j = 6 + -2. Suppose 2*g = -5*s - 2, g + j = 2*s + 3*g. Let m(l) = -l**3 - l**2 - 2*l - 2. Let k be m(s). What is the highest common divisor of k and 30?
6
Let l = 381 - 251. What is the greatest common divisor of 10 and l?
10
Let p = -14 - -20. Let x(w) = w**3 - 4*w**2 - 6*w - 1. Let a be x(p). What is the highest common divisor of 7 and a?
7
Let l be 80/24 + 1/(-3). Let z be l - 91/1*-1. Suppose -z = -5*f - 34. What is the greatest common factor of f and 24?
12
Let s(g) = -1 - 1 - g - 6*g - 12*g. Let k be s(-3). Calculate the highest common factor of 5 and k.
5
Let b be 2*((-1925)/(-10))/7. What is the greatest common factor of b and 11?
11
Let j be (48/20)/((-1)/(-70)). What is the highest common divisor of 24 and j?
24
Suppose 3*b - p + 4 = 0, 0 = -3*b - p + 1 - 3. Let w be b/(-6) + 65/(-30). Let u be 0/w - 72/(-3). What is the highest common factor of 6 and u?
6
Let s be (-290)/(-12) - 12/72. Calculate the greatest common factor of s and 264.
24
Suppose -o + 12 = 4*g, 4*g = -2*o + 5*o - 4. Suppose -4*c + 66 = g*m + 14, -5*m = c - 103. Calculate the highest common divisor of m and 5.
5
Let h(r) = -3 - 3 + 6*r + 0 - 3. Let l be h(7). Let g = -32 + 54. What is the highest common factor of g and l?
11
Let d(u) = -u**3 + 16*u**2 + 16*u + 27. Let z be d(17). What is the highest common factor of z and 20?
10
Let n(u) = u**2 + 5*u + 7. Let o be n(-6). Let a(r) = 5*r**3 + 3*r - 1. Let h be a(3). What is the greatest common divisor of h and o?
13
Let d(w) = 4*w**2 - w. Let l = -8 + 7. Let k be d(l). Calculate the highest common divisor of k and 15.
5
Let c be -2 - (3 + -6 + 29*-1). What is the highest common divisor of 15 and c?
15
Let w(j) = 3*j**2 - 4*j + 20. Let x be w(6). Calculate the highest common divisor of 39 and x.
13
Suppose 25 = 3*q + 2*q - 5*c, -c = -3*q + 21. Let h be 2*3/(6/q). Calculate the highest common divisor of 4 and h.
4
Suppose -32 = -3*k + b, -2*k + 47 = k - 4*b. Suppose k - 44 = -5*u. What is the highest common factor of 7 and u?
7
Let q be ((-45)/6 + 2)*-2. Let w = q + 25. What is the highest common factor of 144 and w?
36
Suppose 8*y - 240 = 2*y. Suppose -n - 4*n = -y. Let q = -62 - -94. What is the greatest common divisor of q and n?
8
Suppose 110 = s + s. Calculate the highest common divisor of 11 and s.
11
Let g(s) = -4*s - 1. Let f be g(-5). What is the highest common factor of f and 171?
19
Suppose w + 6 = -0. Let h be (w/(-15))/(4/80). Calculate the highest common factor of 40 and h.
8
Let w = -36 + 80. Suppose -136 - w = -6*u. What is the highest common factor of u and 3?
3
Suppose 0 = 3*i, i + 0*i - 367 = -b. Suppose 0*q + q = 2*p - 355, -b = -2*p + 5*q. Calculate the highest common factor of 16 and p.
16
Suppose -2*l - l - r = -29, 5*l + 5*r = 45. Calculate the highest common divisor of l and 110.
10
Let n(i) = i**3 - 8*i**2 - 7*i + 3. Let w be n(9). What is the highest common divisor of w and 105?
21
Let d be 23/7 - 2/7. Suppose -d*y - 36 = -120. Let z = 44 + -30. What is the greatest common factor of y and z?
14
Let r(d) = -d + 54. Let k be r(0). Let z = 45 + -81. Let v = z + k. What is the highest common divisor of 144 and v?
18
Let a be 3 + ((-6)/2)/(-3). Suppose -2*k + 0*k + 184 = 3*y, a*k - 4*y = 388. Calculate the highest common divisor of 19 and k.
19
Let v(l) = -2*l - 9. Let y be v(-7). Calculate the greatest common factor of 40 and y.
5
Let s = 8 - -2. Let m = 16 + -22. Let d = m - -11. What is the greatest common factor of d and s?
5
Let r(z) = 17*z - 10. Let t be r(5). Calculate the greatest common factor of t and 25.
25
Let k = 119 + -189. Let h be (-128)/(-10) - 14/k. Let u be 366/4 + 1/(-2). Calculate the highest common divisor of u and h.
13
Let k = 18 - 8. Let o be 4/k + 6/10.